{"id":726,"date":"2021-08-24T18:35:55","date_gmt":"2021-08-24T16:35:55","guid":{"rendered":"https:\/\/club3p.fr\/?page_id=726"},"modified":"2021-09-12T18:32:25","modified_gmt":"2021-09-12T16:32:25","slug":"reglement-interieur","status":"publish","type":"page","link":"https:\/\/club3p.fr\/index.php\/reglement-interieur\/","title":{"rendered":"R\u00e8glement int\u00e9rieur"},"content":{"rendered":"<p style=\"text-align: center;\"><span style=\"color: #ff0000;\"><b>NOTE :<br \/>\n<\/b><b>Le Pass Sanitaire est exig\u00e9 pour l\u2019acc\u00e8s \u00e0 l\u2019ensemble de nos activit\u00e9s.<\/b><\/span><\/p>\n<p style=\"text-align: center;\"><span style=\"color: #ff0000;\">&nbsp;<b>Le respect des gestes barri\u00e8res, l\u2019application des contraintes sanitaires \u00e9tablies par la Mairie&nbsp;et le port du masque&nbsp;sont&nbsp;obligatoires<\/b><b>.<\/b>&nbsp;<\/span><\/p>\n<p>&nbsp;<\/p>\n<p><span style=\"color: #ffffff;\"><b>REGLEMENT INTERIEUR DU CLUB PHOTO<\/b>&nbsp;<\/span><\/p>\n<p><span style=\"color: #ffffff;\"><b>PHOTOPASSIONPARTAGE<\/b>&nbsp;<\/span><\/p>\n<p><span style=\"color: #ffffff;\" data-ccp-props=\"{&quot;201341983&quot;:0,&quot;335559739&quot;:160,&quot;335559740&quot;:259}\">&nbsp;<\/span><\/p>\n<p><span style=\"color: #ffffff;\"><b>Article 1 : D\u00e9finition du r\u00e8glement int\u00e9rieur<\/b>&nbsp;<\/span><\/p>\n<p><span style=\"color: #ffffff;\">Il est r\u00e9dig\u00e9 par le&nbsp;Conseil d\u2019Administration de l\u2019association&nbsp;et est subordonn\u00e9 aux statuts&nbsp;de l\u2019association.&nbsp;<\/span><\/p>\n<p><span style=\"color: #ffffff;\">Le pr\u00e9sent r\u00e8glement int\u00e9rieur s\u2019applique jusqu\u2019\u00e0 ce qu\u2019il soit express\u00e9ment annul\u00e9 ou remplac\u00e9 par une nouvelle version sur d\u00e9cision du Comit\u00e9 d\u2019Administration.&nbsp;&nbsp;<\/span><\/p>\n<p><span style=\"color: #ffffff;\">Il&nbsp;est&nbsp;disponible en consultation sur le site&nbsp;https:\/\/club3p.fr\/&nbsp;<\/span><\/p>\n<p><span style=\"color: #ffffff;\" data-ccp-props=\"{&quot;201341983&quot;:0,&quot;335559739&quot;:160,&quot;335559740&quot;:259}\">&nbsp;<\/span><\/p>\n<p><span style=\"color: #ffffff;\"><b>Article 2 : Champs d\u2019application du r\u00e8glement int\u00e9rieur<\/b>&nbsp;<\/span><\/p>\n<p><span style=\"color: #ffffff;\">Le pr\u00e9sent r\u00e8glement est transmis \u00e0 l\u2019ensemble des membres ainsi qu\u2019\u00e0 chaque nouvel adh\u00e9rent&nbsp;il s\u2019applique&nbsp;\u00e0 tous les membres de l\u2019association sans exception.&nbsp;<\/span><\/p>\n<p><span style=\"color: #ffffff;\" data-ccp-props=\"{&quot;201341983&quot;:0,&quot;335559739&quot;:160,&quot;335559740&quot;:259}\">&nbsp;<\/span><\/p>\n<p><span style=\"color: #ffffff;\"><b>Article 3 : Membres du bureau<\/b>&nbsp;<\/span><\/p>\n<p><span style=\"color: #ffffff;\">Le Bureau&nbsp;est compos\u00e9 des membres suivants&nbsp;(1)&nbsp;:&nbsp;<\/span><\/p>\n<ul>\n<li data-leveltext=\"\u2022\" data-font=\"Calibri\" data-listid=\"5\" aria-setsize=\"-1\" data-aria-posinset=\"0\" data-aria-level=\"1\"><span style=\"color: #ffffff;\">Pascal&nbsp;Wurniesky&nbsp; Pr\u00e9sident&nbsp;<\/span><\/li>\n<li data-leveltext=\"\u2022\" data-font=\"Calibri\" data-listid=\"5\" aria-setsize=\"-1\" data-aria-posinset=\"0\" data-aria-level=\"1\"><span style=\"color: #ffffff;\">St\u00e9phane&nbsp;Chalant Vice-Pr\u00e9sident&nbsp;<\/span><\/li>\n<\/ul>\n<ul>\n<li data-leveltext=\"\u2022\" data-font=\"Calibri\" data-listid=\"5\" aria-setsize=\"-1\" data-aria-posinset=\"0\" data-aria-level=\"1\"><span style=\"color: #ffffff;\">Christelle Plant\u00e9 Tr\u00e9sori\u00e8re&nbsp;<\/span><\/li>\n<li data-leveltext=\"\u2022\" data-font=\"Calibri\" data-listid=\"5\" aria-setsize=\"-1\" data-aria-posinset=\"0\" data-aria-level=\"1\"><span style=\"color: #ffffff;\">Eric&nbsp;Kronberger&nbsp; Secr\u00e9taire&nbsp;<\/span><\/li>\n<li data-leveltext=\"\u2022\" data-font=\"Calibri\" data-listid=\"5\" aria-setsize=\"-1\" data-aria-posinset=\"0\" data-aria-level=\"1\"><span style=\"color: #ffffff;\">Yann Segalen Animation &amp; M\u00e9dias&nbsp;<\/span><\/li>\n<\/ul>\n<p><span style=\"color: #ffffff;\">Dans l\u2019hypoth\u00e8se d\u2019une d\u00e9mission ou d\u2019une absence d\u2019un des membres du Bureau, ce dernier&nbsp;pourvoira provisoirement au remplacement&nbsp;du dit&nbsp;membre&nbsp;<\/span><\/p>\n<ul>\n<li data-leveltext=\"\uf0b7\" data-font=\"Symbol\" data-listid=\"6\" aria-setsize=\"-1\" data-aria-posinset=\"1\" data-aria-level=\"1\"><span style=\"color: #ffffff;\">Jusqu&rsquo;\u00e0 la prochaine nomination par le Conseil d\u2019Administration si l\u2019absence est d\u00e9finitive.&nbsp;&nbsp;<\/span><\/li>\n<\/ul>\n<ul>\n<li data-leveltext=\"\uf0b7\" data-font=\"Symbol\" data-listid=\"6\" aria-setsize=\"-1\" data-aria-posinset=\"1\" data-aria-level=\"1\"><span style=\"color: #ffffff;\">Jusqu\u2019au retour de l\u2019int\u00e9ress\u00e9 si l\u2019absence est temporaire.&nbsp;<\/span><\/li>\n<\/ul>\n<p><span style=\"color: #ffffff;\">La&nbsp;r\u00e9partition des t\u00e2ches entre les membres du bureau n\u2019exclut pas une assistance&nbsp;mutuelle des membres entre eux afin de faire face \u00e0 des surcharges, indisponibilit\u00e9s ou&nbsp;difficult\u00e9s temporaires.&nbsp;<\/span><\/p>\n<p><span style=\"color: #ffffff;\" data-ccp-props=\"{&quot;201341983&quot;:0,&quot;335559739&quot;:160,&quot;335559740&quot;:259}\">&nbsp;<\/span><\/p>\n<p><span style=\"color: #ffffff;\"><b>Article 4\u202f: Conditions d\u2019adh\u00e9sion<\/b>&nbsp;<\/span><\/p>\n<ul>\n<li data-leveltext=\"\uf0b7\" data-font=\"Symbol\" data-listid=\"19\" aria-setsize=\"-1\" data-aria-posinset=\"2\" data-aria-level=\"1\"><span style=\"color: #ffffff;\">Accepter le pr\u00e9sent r\u00e8glement int\u00e9rieur.&nbsp;<\/span><\/li>\n<\/ul>\n<ul>\n<li data-leveltext=\"\uf0b7\" data-font=\"Symbol\" data-listid=\"19\" aria-setsize=\"-1\" data-aria-posinset=\"1\" data-aria-level=\"1\"><span style=\"color: #ffffff;\">Poss\u00e9der un appareil photo (toutes technologies).&nbsp;<\/span><\/li>\n<li data-leveltext=\"\uf0b7\" data-font=\"Symbol\" data-listid=\"19\" aria-setsize=\"-1\" data-aria-posinset=\"2\" data-aria-level=\"1\"><span style=\"color: #ffffff;\">Etre&nbsp;\u00e0 jour de sa cotisation.&nbsp;<\/span><\/li>\n<li data-leveltext=\"\uf0b7\" data-font=\"Symbol\" data-listid=\"12\" aria-setsize=\"-1\" data-aria-posinset=\"3\" data-aria-level=\"1\"><span style=\"color: #ffffff;\">L\u2019adh\u00e9sion des membres est libre. Les mineurs ne sont pas admis. (1)&nbsp;<\/span><\/li>\n<li data-leveltext=\"\uf0b7\" data-font=\"Symbol\" data-listid=\"12\" aria-setsize=\"-1\" data-aria-posinset=\"4\" data-aria-level=\"1\"><span style=\"color: #ffffff;\">En adh\u00e9rant \u00e0 l&rsquo;association, les adh\u00e9rents s&rsquo;engagent \u00e0 respecter la libert\u00e9 d&rsquo;opinion des autres membres et s&rsquo;interdisent toute discrimination. Ils s\u2019engagent \u00e0 n\u2019avoir, dans le cadre&nbsp;des activit\u00e9s du Club, que le souci de faire de la photographie entre amateurs, \u00e0 l\u2019exclusion de toute autre activit\u00e9. Par ailleurs Les adh\u00e9rents s\u2019interdisent formellement tous pros\u00e9lytisme politique ou religieux et de ne pas tenir tous propos \u00e0 caract\u00e8re discriminatoire et diffamatoire. (1)&nbsp;<\/span><\/li>\n<\/ul>\n<p><span style=\"color: #ffffff;\" data-ccp-props=\"{&quot;201341983&quot;:0,&quot;335559739&quot;:160,&quot;335559740&quot;:259}\">&nbsp;<\/span><\/p>\n<p><span style=\"color: #ffffff;\"><b>Article&nbsp;5&nbsp;: Proc\u00e9dure d\u2019adh\u00e9sion<\/b>&nbsp;<\/span><\/p>\n<p><span style=\"color: #ffffff;\">1\u00e8re&nbsp;adh\u00e9sion&nbsp;<\/span><\/p>\n<p><span style=\"color: #ffffff;\">L\u2019adh\u00e9sion se fait exclusivement en ligne&nbsp;&nbsp;<\/span><\/p>\n<ul>\n<li data-leveltext=\"\uf0b7\" data-font=\"Symbol\" data-listid=\"20\" aria-setsize=\"-1\" data-aria-posinset=\"1\" data-aria-level=\"1\"><span style=\"color: #ffffff;\">Lien\u202f:&nbsp;https:\/\/club3p.fr\/&nbsp;&nbsp;<\/span><\/li>\n<li data-leveltext=\"\uf0b7\" data-font=\"Symbol\" data-listid=\"20\" aria-setsize=\"-1\" data-aria-posinset=\"2\" data-aria-level=\"1\"><span style=\"color: #ffffff;\">Bouton \u00ab\u202fADHESION 2021-2022\u202f\u00bb&nbsp;<\/span><\/li>\n<\/ul>\n<ul>\n<li data-leveltext=\"\uf0b7\" data-font=\"Symbol\" data-listid=\"20\" aria-setsize=\"-1\" data-aria-posinset=\"1\" data-aria-level=\"1\"><span style=\"color: #ffffff;\">Ou dans la rubrique \u00ab\u202fL\u2019association \/ Adh\u00e9sion\u202f\u00bb&nbsp;<\/span><\/li>\n<\/ul>\n<p><span style=\"color: #ffffff;\">L\u2019inscription et le r\u00e8glement se font au travers du&nbsp;site de solution de paiement&nbsp;HelloAsso.&nbsp;<\/span><\/p>\n<p><span style=\"color: #ffffff;\">Renouvellement d\u2019adh\u00e9sion&nbsp;<\/span><\/p>\n<p><span style=\"color: #ffffff;\">Un message informatique sera envoy\u00e9 \u00e0 l\u2019adh\u00e9rent pour lui signaler le renouvellement, accompagn\u00e9 d\u2019un lien.&nbsp;<\/span><\/p>\n<p><span style=\"color: #ffffff;\">Toute adh\u00e9sion sera consid\u00e9r\u00e9e comme nulle si, apr\u00e8s&nbsp;un d\u00e9lai de&nbsp;30 jours ouvr\u00e9s&nbsp;\u00e0 compter de la demande,&nbsp;aucun&nbsp;paiement n\u2019est parvenu au Tr\u00e9sorier.&nbsp;<\/span><\/p>\n<p><span style=\"color: #ffffff;\">Chaque nouveau membre s\u2019engage sur la base des statuts de l\u2019association et de son&nbsp;<\/span><\/p>\n<p><span style=\"color: #ffffff;\">R\u00e8glement&nbsp;int\u00e9rieur en vigueur.&nbsp;<\/span><\/p>\n<p><span style=\"color: #ffffff;\" data-ccp-props=\"{&quot;201341983&quot;:0,&quot;335559739&quot;:160,&quot;335559740&quot;:259}\">&nbsp;<\/span><\/p>\n<p><span style=\"color: #ffffff;\"><b>&nbsp;Article&nbsp;6&nbsp;: Cotisation<\/b>&nbsp;<\/span><\/p>\n<ul>\n<li data-leveltext=\"\uf0b7\" data-font=\"Symbol\" data-listid=\"13\" aria-setsize=\"-1\" data-aria-posinset=\"1\" data-aria-level=\"1\"><span style=\"color: #ffffff;\">Le versement de la cotisation n\u2019est en aucun cas remboursable.&nbsp;<\/span><\/li>\n<\/ul>\n<ul>\n<li data-leveltext=\"\uf0b7\" data-font=\"Symbol\" data-listid=\"13\" aria-setsize=\"-1\" data-aria-posinset=\"1\" data-aria-level=\"1\"><span style=\"color: #ffffff;\">La cotisation annuelle s\u2019entend par ann\u00e9e du&nbsp;01 septembre de l\u2019ann\u00e9e courante jusqu\u2019au 30&nbsp;juin&nbsp;de&nbsp;l\u2019ann\u00e9e suivant.&nbsp;&nbsp;<\/span><\/li>\n<li data-leveltext=\"\uf0b7\" data-font=\"Symbol\" data-listid=\"13\" aria-setsize=\"-1\" data-aria-posinset=\"2\" data-aria-level=\"1\"><span style=\"color: #ffffff;\">Elle&nbsp;devra&nbsp;\u00eatre renouvel\u00e9e \u00e0 chaque nouvelle ann\u00e9e apr\u00e8s un d\u00e9lai de 30 jours.&nbsp;<\/span><\/li>\n<li data-leveltext=\"\uf0b7\" data-font=\"Symbol\" data-listid=\"13\" aria-setsize=\"-1\" data-aria-posinset=\"3\" data-aria-level=\"1\"><span style=\"color: #ffffff;\">Le montant de la cotisation est fix\u00e9&nbsp;par le Conseil d\u2019Administration&nbsp;et sera transmis \u00e0 chaque&nbsp;adh\u00e9rent&nbsp;par courrier \u00e9lectronique.&nbsp;<\/span><\/li>\n<li data-leveltext=\"\uf0b7\" data-font=\"Symbol\" data-listid=\"13\" aria-setsize=\"-1\" data-aria-posinset=\"4\" data-aria-level=\"1\"><span style=\"color: #ffffff;\">Le r\u00e8glement de la cotisation&nbsp;se fait exclusivement en ligne, lien\u202f:&nbsp;https:\/\/club3p.fr\/.&nbsp;Voir la proc\u00e9dure d\u2019adh\u00e9sion article 5.&nbsp;<\/span><\/li>\n<\/ul>\n<p><span style=\"color: #ffffff;\" data-ccp-props=\"{&quot;201341983&quot;:0,&quot;335559739&quot;:160,&quot;335559740&quot;:259}\">&nbsp;<\/span><\/p>\n<p><span style=\"color: #ffffff;\"><b>&nbsp;Article&nbsp;7&nbsp;: Conditions d\u2019utilisation<\/b>&nbsp;<\/span><\/p>\n<p><span style=\"color: #ffffff;\">Locaux&nbsp;<\/span><\/p>\n<ul>\n<li data-leveltext=\"\uf0b7\" data-font=\"Symbol\" data-listid=\"9\" aria-setsize=\"-1\" data-aria-posinset=\"1\" data-aria-level=\"1\"><span style=\"color: #ffffff;\">L\u2019emprunt ne doit pas compromettre une activit\u00e9 programm\u00e9e du club.&nbsp;<\/span><\/li>\n<li data-leveltext=\"\uf0b7\" data-font=\"Symbol\" data-listid=\"9\" aria-setsize=\"-1\" data-aria-posinset=\"2\" data-aria-level=\"1\"><span style=\"color: #ffffff;\">Tout membre adh\u00e9rent au photo club souhaitant utiliser les installations du club, doit&nbsp;imp\u00e9rativement en faire part au membre du bureau (salle,&nbsp;studio photo, \u2026).&nbsp;<\/span><\/li>\n<li data-leveltext=\"\uf0b7\" data-font=\"Symbol\" data-listid=\"9\" aria-setsize=\"-1\" data-aria-posinset=\"3\" data-aria-level=\"1\"><span style=\"color: #ffffff;\">Les clefs remise lors de la demande devront \u00eatre restitu\u00e9e apr\u00e8s chaque utilisation des locaux&nbsp;<\/span><\/li>\n<\/ul>\n<ul>\n<li data-leveltext=\"\uf0b7\" data-font=\"Symbol\" data-listid=\"9\" aria-setsize=\"-1\" data-aria-posinset=\"1\" data-aria-level=\"1\"><span style=\"color: #ffffff;\">Il est interdit de fumer dans les locaux.&nbsp;<\/span><\/li>\n<li data-leveltext=\"\uf0b7\" data-font=\"Symbol\" data-listid=\"9\" aria-setsize=\"-1\" data-aria-posinset=\"2\" data-aria-level=\"1\"><span style=\"color: #ffffff;\">Les locaux sont exclusivement r\u00e9serv\u00e9s \u00e0 la pratique de la photographie.&nbsp;<\/span><\/li>\n<li data-leveltext=\"\uf0b7\" data-font=\"Symbol\" data-listid=\"9\" aria-setsize=\"-1\" data-aria-posinset=\"3\" data-aria-level=\"1\"><span style=\"color: #ffffff;\">Apr\u00e8s utilisation, les locaux doivent rester propres, le mat\u00e9riel rang\u00e9, toutes d\u00e9gradation ou remise en \u00e9tat sera \u00e0 la charge de l\u2019emprunteur.&nbsp;<\/span><\/li>\n<\/ul>\n<p><span style=\"color: #ffffff;\">Mat\u00e9riel&nbsp;<\/span><\/p>\n<ul>\n<li data-leveltext=\"\uf0b7\" data-font=\"Symbol\" data-listid=\"10\" aria-setsize=\"-1\" data-aria-posinset=\"4\" data-aria-level=\"1\"><span style=\"color: #ffffff;\">Tout pr\u00eat de mat\u00e9riel sera enregistr\u00e9 dans un fichier&nbsp;par un membre du Bureau&nbsp;et devra \u00eatre restitu\u00e9 dans le d\u00e9lai pr\u00e9vu.&nbsp;<\/span><\/li>\n<\/ul>\n<ul>\n<li data-leveltext=\"\uf0b7\" data-font=\"Symbol\" data-listid=\"10\" aria-setsize=\"-1\" data-aria-posinset=\"1\" data-aria-level=\"1\"><span style=\"color: #ffffff;\">Toutes d\u00e9gradations de mat\u00e9riel, autre que l\u2019usure naturelle du mat\u00e9riel,&nbsp;pourra \u00eatre&nbsp;\u00e0 la charge de l\u2019emprunteur&nbsp;apr\u00e8s d\u00e9cision du Bureau.&nbsp;<\/span><\/li>\n<\/ul>\n<p><span style=\"color: #ffffff;\">Saut de page&nbsp;<\/span><\/p>\n<p><span style=\"color: #ffffff;\">&nbsp;<b>Article&nbsp;8&nbsp;: Pr\u00e9sentations de photographies<\/b>&nbsp;<\/span><\/p>\n<ul>\n<li data-leveltext=\"\uf0b7\" data-font=\"Symbol\" data-listid=\"14\" aria-setsize=\"-1\" data-aria-posinset=\"2\" data-aria-level=\"1\"><span style=\"color: #ffffff;\">Les photographies \u00e0 caract\u00e8re pornographique, p\u00e9dophile&nbsp;raciste, x\u00e9nophobe portant atteinte \u00e0 la vie priv\u00e9e ou \u00e0 la r\u00e9putation (article 9 du code civil), ou toute autre forme pr\u00e9judiciable&nbsp;sont interdites, sous peine&nbsp;d\u2019exclusion&nbsp;imm\u00e9diate sans aucune compensation.&nbsp;<\/span><\/li>\n<li data-leveltext=\"\uf0b7\" data-font=\"Symbol\" data-listid=\"14\" aria-setsize=\"-1\" data-aria-posinset=\"3\" data-aria-level=\"1\"><span style=\"color: #ffffff;\">Chaque photographe s&rsquo;engage sur l&rsquo;honneur \u00e0 ne pr\u00e9senter que des photographies dont il est l&rsquo;auteur&nbsp;et&nbsp;pour lesquelles il s\u2019est assur\u00e9&nbsp;de&nbsp;respecter le droit \u00e0 l\u2019image.&nbsp;Le club photo et\/ou les membres du bureau ne sauraient \u00eatre tenus pour responsable des litiges et contestations \u00e9ventuelles due au non-respect de cet article.&nbsp;Les photos sont des \u0153uvres de l\u2019esprit et sont \u00e0 ce titre prot\u00e9g\u00e9es par le code de la propri\u00e9t\u00e9 intellectuelle.&nbsp;<\/span><\/li>\n<\/ul>\n<ul>\n<li data-leveltext=\"\uf0b7\" data-font=\"Symbol\" data-listid=\"14\" aria-setsize=\"-1\" data-aria-posinset=\"1\" data-aria-level=\"1\"><span style=\"color: #ffffff;\">Les photos pr\u00e9sent\u00e9es en s\u00e9ance ou au travers des r\u00e9seaux informatiques pourront, apr\u00e8s accord de l\u2019auteur, \u00eatre utilis\u00e9es par le club, sans compensation financi\u00e8re,&nbsp;pour\u202f:&nbsp;<\/span><\/li>\n<\/ul>\n<ul>\n<li data-leveltext=\"o\" data-font=\"Courier New\" data-listid=\"16\" aria-setsize=\"-1\" data-aria-posinset=\"1\" data-aria-level=\"1\"><span style=\"color: #ffffff;\">La promotion de l\u2019association et du club.&nbsp;<\/span><\/li>\n<li data-leveltext=\"o\" data-font=\"Courier New\" data-listid=\"16\" aria-setsize=\"-1\" data-aria-posinset=\"2\" data-aria-level=\"1\"><span style=\"color: #ffffff;\">La publication sur le site internet du club, les r\u00e9seaux sociaux.&nbsp;<\/span><\/li>\n<li data-leveltext=\"o\" data-font=\"Courier New\" data-listid=\"16\" aria-setsize=\"-1\" data-aria-posinset=\"3\" data-aria-level=\"1\"><span style=\"color: #ffffff;\">L\u2019illustration&nbsp;p\u00e9dagogique.&nbsp;<\/span><\/li>\n<li data-leveltext=\"o\" data-font=\"Courier New\" data-listid=\"16\" aria-setsize=\"-1\" data-aria-posinset=\"4\" data-aria-level=\"1\"><span style=\"color: #ffffff;\">Les expositions&nbsp;au nom du club.&nbsp;<\/span><\/li>\n<\/ul>\n<p><span style=\"color: #ffffff;\" data-ccp-props=\"{&quot;201341983&quot;:0,&quot;335559739&quot;:160,&quot;335559740&quot;:259}\">&nbsp;<\/span><\/p>\n<p><span style=\"color: #ffffff;\"><b>Article 9 : Protection du droit d\u2019auteur.<\/b>&nbsp;<\/span><\/p>\n<p><span style=\"color: #ffffff;\">Pour toutes pr\u00e9sentations, expositions au sein du club ou organis\u00e9s par le club, les auteurs devront s\u2019assurer du respect \u00e0 la vie priv\u00e9e (article 9 du code civil) et du respect du droit \u00e0 l\u2019image.&nbsp;<\/span><\/p>\n<p><span style=\"color: #ffffff;\" data-ccp-props=\"{&quot;201341983&quot;:0,&quot;335559739&quot;:160,&quot;335559740&quot;:259}\">&nbsp;<\/span><\/p>\n<p><span style=\"color: #ffffff;\"><b>Article&nbsp;10<\/b>&nbsp;:&nbsp;<b>Expositions photo du club<\/b>&nbsp;<\/span><\/p>\n<ul>\n<li data-leveltext=\"\uf0b7\" data-font=\"Symbol\" data-listid=\"18\" aria-setsize=\"-1\" data-aria-posinset=\"1\" data-aria-level=\"1\"><span style=\"color: #ffffff;\">Le club n\u2019a pas vocation \u00e0 participer \u00e0 des concours photographiques.&nbsp;&nbsp;<\/span><\/li>\n<li data-leveltext=\"\uf0b7\" data-font=\"Symbol\" data-listid=\"18\" aria-setsize=\"-1\" data-aria-posinset=\"2\" data-aria-level=\"1\"><span style=\"color: #ffffff;\">Les expositions photographiques organis\u00e9es par le club photo ne peuvent faire l\u2019objet&nbsp;d\u2019aucune r\u00e9mun\u00e9ration des membres participant.&nbsp;<\/span><\/li>\n<li data-leveltext=\"\uf0b7\" data-font=\"Symbol\" data-listid=\"18\" aria-setsize=\"-1\" data-aria-posinset=\"3\" data-aria-level=\"1\"><span style=\"color: #ffffff;\">Toutes expositions dans le cadre personnelle,&nbsp;sans support du club,&nbsp;ne pourront faire l\u2019objet&nbsp;d\u2019une r\u00e9tribution&nbsp;de la part du club ou d\u2019un support financier&nbsp;de ce dernier.&nbsp;Si l\u2019adh\u00e9rent emprunte du mat\u00e9riel d\u2019exposition (cadres, grilles, support divers), il pourra&nbsp;lui&nbsp;\u00eatre demand\u00e9 une participation num\u00e9raire, qui sera fix\u00e9e au gr\u00e9 \u00e0 gr\u00e9 avec les membres du&nbsp;Bureau.&nbsp;<\/span><\/li>\n<li data-leveltext=\"\uf0b7\" data-font=\"Symbol\" data-listid=\"18\" aria-setsize=\"-1\" data-aria-posinset=\"4\" data-aria-level=\"1\"><span style=\"color: #ffffff;\">Dans les expositions organis\u00e9es par le club, les photographes restent propri\u00e9taires de leurs \u0153uvres, \u00e0 ce titre tous les b\u00e9n\u00e9fices d\u2019une potentielle vente de photo r\u00e9alis\u00e9e, au cours de l\u2019exposition, restent acquis \u00e0 l\u2019auteur.&nbsp;&nbsp;<\/span><\/li>\n<li data-leveltext=\"\uf0b7\" data-font=\"Symbol\" data-listid=\"18\" aria-setsize=\"-1\" data-aria-posinset=\"5\" data-aria-level=\"1\"><span style=\"color: #ffffff;\">Le club ne doit pas servir de support \u00e0 toutes activit\u00e9s commerciales lors de ces expositions.&nbsp;<\/span><\/li>\n<\/ul>\n<ul>\n<li data-leveltext=\"\uf0b7\" data-font=\"Symbol\" data-listid=\"18\" aria-setsize=\"-1\" data-aria-posinset=\"1\" data-aria-level=\"1\"><span style=\"color: #ffffff;\">Pour la mise en place du mat\u00e9riel n\u00e9cessaire \u00e0 l\u2019exposition, ainsi que pour le d\u00e9montage, une aide sera demand\u00e9e, dans la mesure du possible, aux exposants.&nbsp;<\/span><\/li>\n<\/ul>\n<p><span style=\"color: #ffffff;\" data-ccp-props=\"{&quot;201341983&quot;:0,&quot;335559739&quot;:160,&quot;335559740&quot;:259}\">&nbsp;<\/span><\/p>\n<p><span style=\"color: #ffffff;\"><b>&nbsp;Article&nbsp;11&nbsp;: Sorties du club<\/b>&nbsp;<\/span><\/p>\n<p><span style=\"color: #ffffff;\">Les sorties&nbsp;\u00ab\u202fphoto\u202f\u00bb&nbsp;organis\u00e9es par le club se font sous l\u2019enti\u00e8re responsabilit\u00e9 des membres du&nbsp;club photo participant.&nbsp;<\/span><\/p>\n<p><span style=\"color: #ffffff;\">Le club photo et\/ou les membres du bureau ne peuvent \u00eatre tenus pour responsables&nbsp;des&nbsp;incidents,&nbsp;accidents&nbsp;ou vols&nbsp;lors de ces sorties.&nbsp;<\/span><\/p>\n<p><span style=\"color: #ffffff;\" data-ccp-props=\"{&quot;201341983&quot;:0,&quot;335559739&quot;:160,&quot;335559740&quot;:259}\">&nbsp;<\/span><\/p>\n<p><span style=\"color: #ffffff;\"><b>Article&nbsp;12&nbsp;: Protection de la vie priv\u00e9e.<\/b>&nbsp;<\/span><\/p>\n<p><span style=\"color: #ffffff;\">Le club photo est soumis au R\u00e8glement G\u00e9n\u00e9ral sur la Protection des Donn\u00e9es (RGPD) et porte une attention particuli\u00e8re \u00e0 son respect.&nbsp;<\/span><\/p>\n<p><span style=\"color: #ffffff;\" data-ccp-props=\"{&quot;201341983&quot;:0,&quot;335559739&quot;:160,&quot;335559740&quot;:259}\">&nbsp;<\/span><\/p>\n<p><span style=\"color: #ffffff;\"><b>Article 13 : Acceptation du r\u00e8glement.&nbsp;<\/b>&nbsp;<\/span><\/p>\n<p><span style=\"color: #ffffff;\">L\u2019adh\u00e9sion au club implique l&rsquo;acceptation dans sa totalit\u00e9 du pr\u00e9sent r\u00e8glement.&nbsp;<\/span><\/p>\n<p><span style=\"color: #ffffff;\" data-ccp-props=\"{&quot;201341983&quot;:0,&quot;335559739&quot;:160,&quot;335559740&quot;:259}\">&nbsp;<\/span><\/p>\n<p><span style=\"color: #ffffff;\" data-ccp-props=\"{&quot;201341983&quot;:0,&quot;335559739&quot;:160,&quot;335559740&quot;:259}\">&nbsp;<\/span><\/p>\n<p><span style=\"color: #ffffff;\">(1) Cf. Statuts&nbsp;<\/span><\/p>\n","protected":false},"excerpt":{"rendered":"<p>NOTE : Le Pass Sanitaire est exig\u00e9 pour l\u2019acc\u00e8s \u00e0 l\u2019ensemble de nos activit\u00e9s. &nbsp;Le respect des gestes barri\u00e8res, l\u2019application des contraintes sanitaires \u00e9tablies par la Mairie&nbsp;et le port du masque&nbsp;sont&nbsp;obligatoires.&nbsp; &nbsp; REGLEMENT INTERIEUR DU CLUB PHOTO&nbsp; PHOTOPASSIONPARTAGE&nbsp; &nbsp; Article 1 : D\u00e9finition du r\u00e8glement int\u00e9rieur&nbsp; Il est r\u00e9dig\u00e9 par le&nbsp;Conseil d\u2019Administration de l\u2019association&nbsp;et est [&hellip;]<\/p>\n","protected":false},"author":1,"featured_media":0,"parent":0,"menu_order":0,"comment_status":"closed","ping_status":"closed","template":"","meta":{"ngg_post_thumbnail":0,"footnotes":""},"class_list":["post-726","page","type-page","status-publish","hentry","post"],"_links":{"self":[{"href":"https:\/\/club3p.fr\/index.php\/wp-json\/wp\/v2\/pages\/726","targetHints":{"allow":["GET"]}}],"collection":[{"href":"https:\/\/club3p.fr\/index.php\/wp-json\/wp\/v2\/pages"}],"about":[{"href":"https:\/\/club3p.fr\/index.php\/wp-json\/wp\/v2\/types\/page"}],"author":[{"embeddable":true,"href":"https:\/\/club3p.fr\/index.php\/wp-json\/wp\/v2\/users\/1"}],"replies":[{"embeddable":true,"href":"https:\/\/club3p.fr\/index.php\/wp-json\/wp\/v2\/comments?post=726"}],"version-history":[{"count":9,"href":"https:\/\/club3p.fr\/index.php\/wp-json\/wp\/v2\/pages\/726\/revisions"}],"predecessor-version":[{"id":807,"href":"https:\/\/club3p.fr\/index.php\/wp-json\/wp\/v2\/pages\/726\/revisions\/807"}],"wp:attachment":[{"href":"https:\/\/club3p.fr\/index.php\/wp-json\/wp\/v2\/media?parent=726"}],"curies":[{"name":"wp","href":"https:\/\/api.w.org\/{rel}","templated":true}]}}